 7*y**2 - 123*y - 613. List the prime factors of u(-5).
3, 59
Suppose 6*v - 3*z - 51 = 3*v, -2*v + 5*z = -31. Suppose 2*d - v + 8 = 0. Suppose 0 = l + 3*c - 36, 2*l = d*c - 2*c + 27. List the prime factors of l.
3, 7
Suppose -18 = 3*b, -123*b = -4*i - 124*b + 67822. What are the prime factors of i?
31, 547
Let j(t) = -4*t + 0*t + t + 2*t**2 - 2*t + 2. Let i be j(3). Suppose -i*r + h = -268, -3*h + 97 = -r + 3*r. What are the prime factors of r?
53
Let w = 90 + -65. What are the prime factors of w/175 - 2288/(-7)?
3, 109
What are the prime factors of ((-15)/90*1)/((-2)/25716)?
2143
Let a = 5694 + -1886. What are the prime factors of a?
2, 7, 17
Let j = -44 - -191. Let z = 91 + j. What are the prime factors of z?
2, 7, 17
Let r(a) = 2*a**2 - 5*a + 5. Let l be r(2). Suppose 3*m + l = -w + 14, -4*w + 5*m - 41 = 0. Let v(o) = -4*o**3 - 10*o**2 + 3. List the prime factors of v(w).
3, 11
What are the prime factors of (-6 + 50088)*(-5)/(-10)?
3, 17, 491
Suppose -z + 17059 + 9865 = 4*v, 4*v = 3*z - 80708. What are the prime factors of z?
2, 7, 31
Let i(m) be the first derivative of -17*m**4/3 - m**3/3 + 7*m**2 + 11. Let j(h) be the second derivative of i(h). List the prime factors of j(-1).
2, 67
Suppose 0 = 88*h - 1890510 + 554142. List the prime factors of h.
2, 3, 2531
Suppose -106*i = -4*g - 111*i + 15277, 19126 = 5*g + 2*i. List the prime factors of g.
2, 3, 11, 29
Let v(z) = z**3 + 16*z**2 + z + 32. Let c be v(-16). Suppose 0*d = -2*f - 2*d + 16, -c = -2*f - 4*d. Suppose -349 + 61 = -f*j. What are the prime factors of j?
2, 3
Let y(c) = c**2 + c - 10. Let o be y(-6). Suppose -6*b + 46 + o = 0. Suppose -53 = b*z - 647. List the prime factors of z.
2, 3
Suppose 4*d + 602 = -458. Let h = 402 + d. List the prime factors of h.
137
Let s = 4 + 9. What are the prime factors of -1 - (1 - -1) - (s - 637)?
3, 23
Suppose -22*l + 5615 = 907. Let d = 123 + l. List the prime factors of d.
337
Let b = 59282 + -42214. List the prime factors of b.
2, 17, 251
Let m be 156/(-8)*(-4)/3. Let a(c) = c**2 - 13 + 4*c - m*c + 20 - 2*c**2. List the prime factors of a(-10).
127
Suppose 0 = -g + 2*b - 3*b + 3, 2*g = 4*b + 30. Let j be (-16)/(-20)*10/4. Suppose -g*t - v = -j*t - 620, 275 = 2*t - 5*v. List the prime factors of t.
5
What are the prime factors of (1 - -1292)*-9*2/(-108)*24?
2, 3, 431
Let f = -12 - -25. Suppose -f = -5*z - 3. Suppose z*s = -0*s - 2*q + 62, -s = 4*q - 25. What are the prime factors of s?
3, 11
Let x be ((-1)/((-12)/316))/(6/36). Suppose 0 = 3*n - n - 3*s - 132, 4*n - 304 = -4*s. Let g = x - n. What are the prime factors of g?
2, 43
Let k be (8/14)/(-2) - 120/(-28). Suppose k*y - 1102 = 702. What are the prime factors of y?
11, 41
Suppose 5*r - 5*l - 39 = 106, 5*r - 95 = -5*l. Let s(w) = -w. Let g be s(6). Let b = r - g. What are the prime factors of b?
2, 3, 5
What are the prime factors of 2*35/(630/141732)?
2, 31, 127
Let m(i) = 86*i**2 + 33*i - 230. What are the prime factors of m(8)?
2, 3, 13, 71
Let c = 78851 - 13035. List the prime factors of c.
2, 19, 433
Let w(q) = -110*q + 90. Let y be w(-6). Suppose v = -5*m + y, -5*v + 2657 = 2*m - 1024. What are the prime factors of v?
3, 5, 7
Suppose -17*w + 5*w = 12. Let d be (33/22)/(w/(-476)). Suppose 7*x - 10*x + d = 0. What are the prime factors of x?
2, 7, 17
Let q(m) = 47*m**2 + 304*m - 1861. List the prime factors of q(6).
5, 331
Let x be (-785)/(1 - 4 - -2). Let t(m) = -2*m**2 + 23*m - 45. Let r be t(9). Suppose r = -3*o + x - 224. What are the prime factors of o?
11, 17
Let r = 731 + -2410. Let q = -829 - r. Suppose q = -45*x + 50*x. What are the prime factors of x?
2, 5, 17
Let f(k) = 1575*k**2 - 27*k - 42. What are the prime factors of f(-2)?
2, 3, 263
Let y be (-3)/(9/(-16))*1035. Suppose -y = -6*o - 1506. What are the prime factors of o?
3, 223
Suppose b - 32 = -28, -8*u - 5*b + 254508 = 0. List the prime factors of u.
13, 2447
Let q = -16169 - -54026. What are the prime factors of q?
3, 12619
Let c be (1/2 + 0)/(9/54). Suppose 2 = w + 4*d - 5, 35 = -c*w + 2*d. What are the prime factors of (w - -7) + -1 + 2 - -141?
2, 5, 7
Let j(b) = b**2 - 5*b + 43. Let f(k) = 5*k - 13. Let i be f(5). List the prime factors of j(i).
127
Suppose -16 = 4*q, 2*q + q = -4*s + 35536. List the prime factors of s.
8887
Let n = -1740 - -25254. What are the prime factors of n?
2, 3, 3919
Suppose 671*z = 310*z + 319*z + 1146012. List the prime factors of z.
2, 7, 1949
Let q(n) = -2*n**2 - 35*n - 13. Let k be q(-24). Let x = k - -731. List the prime factors of x.
2, 7, 29
Let d = 2154 + 163. Suppose 12451 + d = 13*b. What are the prime factors of b?
2, 71
Let z = 5431 - 3553. Suppose -2*a + z = a. What are the prime factors of a?
2, 313
Let i be -1*4/(-26) + (-5865)/(-663). Let f(n) = n**3 - 7*n**2 + 4*n - 3. What are the prime factors of f(i)?
3, 5, 13
Let g be 2982 - (3/(-21))/(3/(-21)). Suppose -34*c - g = -45*c. What are the prime factors of c?
271
Let l be 4 + (-6 + (2 - -3))*-693. Let p = l - 34. What are the prime factors of p?
3, 13, 17
Let b be 1 + 5/(-7) + 26300/70. Suppose -b*w + 1155 = -371*w. What are the prime factors of w?
3, 7, 11
Let m(x) = x**2 + x + 948. Let s be m(0). Suppose 0 = -0*v + 4*v + s. Let l = v + 431. What are the prime factors of l?
2, 97
Let t = 30380 + 8574. List the prime factors of t.
2, 19477
Let s be (0/36)/(0 - -1). Let c(d) = -d**3 - 2*d**2 - d + 548. What are the prime factors of c(s)?
2, 137
Let y(n) = 3*n**3 + 2*n**2 - 16*n - 41. Let p be y(21). List the prime factors of (1*2/(-4))/((-68)/p).
2, 13
Let k be (-19)/((-133)/(-147))*(-1)/3. List the prime factors of (-2054)/(-12) - k/42.
3, 19
What are the prime factors of (9024/480)/(4/4730)?
11, 43, 47
Suppose -2*h = -2*q + 246, -q - 66 - 279 = 3*h. Suppose -576 = -3*j + z, 4*j - 810 + 42 = -4*z. Let u = h + j. What are the prime factors of u?
3, 5
What are the prime factors of -22*1317/24*-4?
11, 439
Suppose -7*r + 5*p + 13965 = 2732, 0 = -2*r + 5*p + 3213. What are the prime factors of r?
2, 401
Let g = -15 - -26. Suppose 10*c = g*c - 268. Suppose -5*l - w + c = w, -5*l + 280 = 5*w. What are the prime factors of l?
2, 13
Let z(n) = 51 + 4*n**2 - 27 - 25. Let l(c) = c**3 + 8*c**2 + 12*c + 2. Let w be l(-6). List the prime factors of z(w).
3, 5
Let s = -3606 + 5381. What are the prime factors of s?
5, 71
Let y(k) = 5*k**2 - k - 1. Let m be y(-1). Let j = 520 + -298. Suppose m*v - 13 = j. What are the prime factors of v?
47
Let u(x) = -46*x**3 + 2*x**2 - 2*x + 1. Let k be u(1). Let c = 79 + k. Let p = 95 - c. What are the prime factors of p?
61
Suppose 13*g = 9*g. Suppose g = -0*u + 6*u + 420. Let q = 185 + u. What are the prime factors of q?
5, 23
Suppose 14*c - 9*c + 4*p = -188, -2*p = -6. Let j = 195 - 106. Let d = j - c. What are the prime factors of d?
3, 43
Suppose 2679 + 645 = n. What are the prime factors of n/8 + -1 + 2/(-4)?
2, 3, 23
Let y(p) be the third derivative of -p**4/6 - 2*p**3 + 738*p**2. Let r = 4 + -13. What are the prime factors of y(r)?
2, 3
Let q = -23 + 29. Suppose 3*s - q = -3*f - 0*f, s = -2*f - 1. Suppose -3*n - 465 = -s*h, 0*n = -n. What are the prime factors of h?
3, 31
Suppose -4*a - d + 3*d + 568 = 0, 3*d + 568 = 4*a. Let n = a - -200. List the prime factors of n.
2, 3, 19
List the prime factors of -3 + (-6)/(210270/(-70086) - -3).
2, 3, 5, 73
Let b(y) = y**3 - y**2 + 2*y + 94. Let t(s) = s**2 - 7*s + 6. Let n be t(6). Let j be b(n). Suppose 0*f = -2*f + j. What are the prime factors of f?
47
Let k = -3307 + 5482. List the prime factors of k.
3, 5, 29
Suppose -5*c + 267 = 4*u, -3*c + 17 = 3*u - 181. Let a = -63 + u. Suppose -17*b + 12*b + 355 = a. List the prime factors of b.
71
Let u(o) = 12*o**2 - 280*o - 34. What are the prime factors of u(25)?
2, 233
Let s(x) = 7*x**3 + 7*x**2 - 13*x + 11. Let q be (8/6 - 1) + 448/96. What are the prime factors of s(q)?
2, 3, 83
Suppose 582552 = 87*a + 35*a + 2*a. What are the prime factors of a?
2, 3, 29
Let c = 74 + -67. Suppose -c*a + 345 = -2*a. Suppose 0 = -4*j - 5*i + 267, 2*j = 4*i + 71 + a. What are the prime factors of j?
2, 17
What are the prime factors of (-10 + (-10 - 5449))*6/(-9 + 3)?
3, 1823
Let d = -931 + 747. Let u = d - -991. What are the prime factors of u?
3, 269
Let w(l) = l**3 + 6*l**2 + 3*l + 8. Let c be w(-5). Suppose -49*q + 